t p be (-2 - (f - 3))/(-1). Calculate the greatest common divisor of p and 2.
2
Suppose -41*h + 167687 = 9058. What is the greatest common divisor of h and 584?
73
Let t be -4 + -5 + 3 - 3003/(-273). Calculate the greatest common divisor of t and 215.
5
Suppose 0 = 35*o - 32*o + 2*s - 3, 5*s = 30. Let r(q) = 3*q + 3. Let m be r(3). Let a be (184/m)/((-2)/o). Calculate the highest common divisor of a and 253.
23
Let q be ((-251)/2259)/(1/(-63783)). What is the greatest common factor of 19 and q?
19
Let d be (-2)/(14/(-7))*-233. Let v = 240 + d. Calculate the highest common factor of v and 595.
7
Suppose -7*a = 10 - 535. Suppose -5*f = -3*b + 89, -2*b - 4*f - 124 = -6*b. Let y = a - b. Calculate the highest common divisor of y and 6.
6
Let c = -2348 - -2696. What is the highest common factor of 192 and c?
12
Suppose -h = -2*a + 348, -4*a + 0*h + 692 = -4*h. Suppose -77 = 27*d - 38*d. Calculate the greatest common factor of d and a.
7
Suppose 5*f = -2*t - 2515 + 2623, 5*t - 3*f = 456. Let p be (-35)/(1/3*-1). What is the highest common divisor of t and p?
21
Suppose -5*p + 4*m + 164 = 0, p = -143*m + 141*m + 30. Calculate the highest common factor of 1424 and p.
16
Let q = 3 + 14. Let n be 6156/(-84) + 6/63*3. Let l be (-36)/4 + 4 - n. Calculate the highest common divisor of l and q.
17
Let s be 5 - -3*4/(-36)*9. What is the highest common divisor of s and 62?
2
Let y be (-2 - (-5)/(30/(-6))) + 176. Suppose 96 = -7*g + y. What is the highest common factor of 407 and g?
11
Let m be ((-78)/65)/(4/(-130)). Suppose 4*t - 53 = -3*w, 0 = 5*t + 5*w - 21 - m. Calculate the highest common factor of t and 1411.
17
Suppose -83*j + 188966 = -98380. Calculate the highest common factor of 6 and j.
6
Suppose 0 = -1862*v + 1863*v - 88. Calculate the greatest common factor of v and 539.
11
Suppose 0 = -31*w + 33737 + 200 - 1263. Let s = -90 - -152. What is the highest common factor of s and w?
62
Suppose 2*q - 203 = 5*f, 7*q = -3*f + 4*q - 105. Let m be 88 + ((-2)/(-14) - f/21). What is the highest common divisor of m and 225?
45
Suppose 2*i + 0*i + 3*s - 223 = 0, 5*s + 325 = 3*i. Let v = -8300 - -8586. Calculate the highest common factor of v and i.
22
Suppose 15*p = 27*p - 26*p + 10780. Calculate the highest common factor of 4 and p.
2
Suppose -5*s = -9*m + 14*m - 1210, 4*m = s - 237. Suppose 3*v - 1231 = -s. What is the greatest common divisor of v and 33?
33
Let p = -13337 - -19102. Calculate the highest common divisor of p and 10.
5
Suppose 4*l = 3*y + 4071, 14*l = 10*l - 4*y + 4064. Let c be ((-34)/51)/(75/81 + -1). What is the greatest common factor of l and c?
9
Let a(r) = r + 17. Let j be a(-12). Suppose 2*o + 2*z + 134 = -0*o, -323 = j*o + z. Let y be (-15)/2*o/60*3. What is the highest common divisor of 32 and y?
8
Let d be (-300)/(-25) + -2 + 111. Let f be 216/56 + 1/7. Suppose 3*u = 37 - f. Calculate the highest common divisor of d and u.
11
Suppose -5 = f + 2*w, 0 = f + 5*w + 15 + 2. Let a = f - -37. Suppose -2*u - 2*c = -66, -2*u + 5*c + a = 9. What is the highest common factor of u and 14?
14
Suppose 3*h - 741 = -33. Let l = h + -164. Suppose d = -w + 9, w + 6 - 19 = -5*d. What is the highest common factor of l and w?
8
Let l(i) = 10*i**2 - 7*i + 1. Let r be l(2). Let f = -8 + 13. Suppose b + f*n = 228, -5*b + 3*n + 867 + 357 = 0. What is the highest common divisor of r and b?
27
Suppose 0 = 2*p - 80 - 68. Let z = -22 + p. Let w be ((-24)/20)/((-6)/130). Calculate the greatest common divisor of w and z.
26
Let w(l) = 342*l**2 - 5*l - 5. Let c be w(-1). Let u be (2 + 100/(-30))*c/(-4). What is the highest common factor of 38 and u?
38
Suppose 220 = 5*j + 4*u - 5*u, 132 = 3*j + 4*u. Let a(m) = 67*m**3 - m**2 + 5*m - 5. Let d be a(1). Calculate the highest common factor of j and d.
22
Suppose 20 = 4*x + 4*p, -x - 3*p = -0*p - 11. Let a be (-192)/(-112)*105/x. What is the greatest common factor of 30 and a?
30
Let l be (-2)/(-4) + 30/(-25)*(-621420)/48. Calculate the greatest common divisor of l and 16.
16
Suppose -29*i = -36*i + 20*i + 13. Let t = 91 + -141. Let j be ((-21)/14)/(i - 49/t). Calculate the greatest common factor of j and 50.
25
Suppose -j + 2*j - 5 = 0. Suppose -3*a + j*b = -11, 5*a - 60 + 10 = 2*b. Calculate the greatest common divisor of a and 15.
3
Let j = -279 - -281. Suppose j*o + 5*q = 0, o = -2*o + q + 17. Calculate the greatest common divisor of 155 and o.
5
Let o be 1360 + (18/(-3) - -9). Let w = 1974 - o. What is the greatest common divisor of 13 and w?
13
Let x(p) = 8*p**2 - 14*p + 35. Let d be x(5). Let m = d - 286. Let b = 187 + m. What is the highest common factor of b and 22?
22
Let h be -119*((-534)/21 - -25). What is the highest common divisor of h and 289?
17
Let p be -6*8*(-17)/51. Let r(k) = -k**3 + 15*k**2 + 14*k + 14. Let z be r(p). Let c be 658/3 - z/27. Calculate the greatest common divisor of c and 20.
20
Let g be (-7 - -8) + 117 + -6. Let t(b) = 9*b**3 - 2*b**2 + 6*b - 3. Let u be t(2). Let s = g - u. Calculate the highest common factor of 117 and s.
39
Let t(p) be the first derivative of p**4/4 - 20*p**3/3 - 19*p - 15. Let h be t(20). Let w = h + 46. What is the highest common divisor of 18 and w?
9
Let s(c) = 21*c. Let v be s(1). Suppose 0 = -555*d + 544*d. Suppose d = -13*g - 690 + 2055. What is the highest common divisor of v and g?
21
Let b be (-2 - 3176/24)*-3. What is the greatest common divisor of b and 91?
13
Let k be (-15)/(0 + 5) - -40. Suppose 5*p + 3*o - 370 = 0, -3*p = -2*o - 166 - k. What is the highest common divisor of p and 1207?
71
Suppose -5*h - 2*o + 7906 = 0, -26*o = -2*h - 24*o + 3168. What is the highest common factor of h and 112?
14
Let p(x) = x**3 - 2*x**2 - 9*x + 116. Let n be p(12). Calculate the highest common divisor of n and 24.
8
Suppose -4*y + 80 = 2*r, -3*y = 4*r - 24 - 26. Let v be (-2 - (-3 + -3)) + y. Let a be -5 + (0 - -5) + v + 1. What is the greatest common factor of a and 45?
9
Let k be (-6052)/(-60) + 12/90 + -2. Let a = 0 - -1. Let x be a + -4 + -1 + 15. What is the greatest common factor of k and x?
11
Suppose -25708 - 52942 = -325*o. Calculate the greatest common factor of o and 286.
22
Let c be (-20)/(-6)*-24*(-2)/10. Suppose 108 = -c*m + 19*m. Suppose r + 4*r = 60. What is the highest common divisor of m and r?
12
Let o = -78 - -176. Let n = o + 46. Let q be (-3)/(0 + 2/(-6)). Calculate the greatest common factor of q and n.
9
Let p(c) be the second derivative of 15*c**2 + 1/12*c**4 + 4*c + 0 + 5/2*c**3. Let q be p(-14). What is the greatest common factor of 24 and q?
8
Suppose 18*n = -0*n - 1467 + 4743. Let s(h) = h**3 + 17*h**2 + 16*h + 14. Let a be s(-16). What is the highest common factor of a and n?
14
Let w = 541 + -47. Calculate the greatest common divisor of w and 286.
26
Let a be (27/4)/9 - (-2237)/4. Suppose -14*h + 0*h = -a. Suppose 4*z + z = 5*b + 485, 3*z + 5*b - 315 = 0. Calculate the highest common factor of z and h.
20
Let m(v) = 266*v + 43. Let j be m(-2). Let y = j + 513. What is the greatest common factor of y and 3?
3
Let z(a) = 413*a**2 - 83*a - 86. Let q be z(-1). What is the highest common divisor of 4018 and q?
82
Suppose 12 = -0*i + 6*i. Suppose -b = 2*l - 6*l + 245, -i*l - 5*b + 95 = 0. What is the highest common factor of 36 and l?
12
Let r be ((-20)/14 - -2)/(1/7). Suppose 1 + r = s. Suppose 0 = 4*y - s*t + 4*t - 22, 4*t = 5*y - 22. Calculate the greatest common factor of 15 and y.
3
Let w be (-37)/((-851)/(-184)) + 71. What is the highest common divisor of 6939 and w?
9
Let b be 26/((-8)/(3 - -1)). Let u = 40 + b. Let v = -20 + 29. What is the highest common factor of u and v?
9
Let z = -91 + 83. Let d be (32/6)/z*-12. Calculate the highest common factor of d and 56.
8
Let c(a) = a**2 + 208*a - 632. Let r be c(3). What is the highest common factor of 75 and r?
1
Let m be ((-3 - 0) + 2)*11. Let l be (m - -1)/(-3 - -1). Let o be (5 - -1)/(-6)*55/(-11). What is the highest common divisor of l and o?
5
Suppose -3*m + 618 = -522. Suppose 475 = 23*s - 18*s - 3*l, m = 4*s - 3*l. What is the highest common divisor of s and 19?
19
Suppose -15028 - 56882 = -43*c - 51*c. What is the greatest common factor of 374 and c?
17
Let t be 1058/4*((-40)/(-4) + -8). Suppose -11*p + 14*p + o = t, 505 = 3*p - 5*o. What is the highest common divisor of 1